{"id":282,"date":"2015-10-21T13:03:45","date_gmt":"2015-10-21T11:03:45","guid":{"rendered":"https:\/\/zimmerei-seidl.com\/wordpress\/?page_id=282"},"modified":"2023-04-08T16:29:15","modified_gmt":"2023-04-08T14:29:15","slug":"leistungen-2","status":"publish","type":"page","link":"https:\/\/zimmerei-seidl.com\/?page_id=282","title":{"rendered":"Leistungen"},"content":{"rendered":"<h3>Leistungen unserer Zimmerei<\/h3>\n<h4><strong>Dach- und Holzkonstruktionen<\/strong><\/h4>\n<div style=\"float: left; padding: 7px 20px 10px 20px; min-width: 50%; max-width: 90%;\">\n<div class=\"n2_ss_slider_publish__option_code\" dir=\"ltr\" data-mode=\"id\"><\/div>\n<\/div>\n<div>Ob in traditioneller Ausf\u00fchrung oder in moderner Bauweise wir planen, konstruieren und liefern durchdachte Konstruktionen f\u00fcr Ihr Eigenheim. F\u00fcr individuelle W\u00fcnsche unserer Kunden stehen wir jeder Zeit offen. Die Planung f\u00fcr Dachkonstruktionen oder beim traditionellen Holzbau z. B. Scheunen sowie bei modernsten Hallenkonstruktionen wird durch uns mit neuster Software realisiert.<\/div>\n<div style=\"color: #ffffff; font-size: 1px; line-height: 45px; clear: left;\">&#8211;<\/div>\n<h4><strong>Massivholzbau<\/strong><\/h4>\n<div style=\"float: right; padding: 7px 20px 10px 20px; min-width: 50%; max-width: 90%;\">\n<div class=\"n2_ss_slider_publish__option_code\" dir=\"ltr\" data-mode=\"id\"><\/div>\n<\/div>\n<div>Im Massivholzbau werden vorgefertigte <strong>plattenf\u00f6rmige Massivholzelemente<\/strong> (Brettstapel, Brettsperrholz, Holzblocktafeln,\u2026) eingesetzt, die sowohl statische als auch raumabschlie\u00dfende Funktion haben. Durch die Gro\u00dfen in der Regel vorgefertigten Wandelemente werden kurze Bauzeiten erzielt und so die Kosten gesenkt. Der Rohbau f\u00fcr ein Einfamilienhaus kann somit beispielsweise in rund drei Tagen errichtet und wetterfest geschlossen werden. Die weiteren Ausbaustufen wie Wandverkleidungen Innen und Au\u00dfen oder Trockenbauarbeiten k\u00f6nnen dann kostensparend in eigener Regie durchgef\u00fchrt werden. Selbstverst\u00e4ndlich stehen wir hier auch unseren Kunden beratend oder auf Wunsch auch zur Ausf\u00fchrung zur Verf\u00fcgung.<\/div>\n<div style=\"color: #ffffff; font-size: 1px; line-height: 45px; clear: left;\">&#8211;<\/div>\n<h4><strong>Dachsanierung und Dachrestaurierung<\/strong><\/h4>\n<div style=\"float: left; padding: 7px 20px 10px 20px; min-width: 50%; max-width: 90%;\">\n<div class=\"n2_ss_slider_publish__option_code\" dir=\"ltr\" data-mode=\"id\"><\/div>\n<\/div>\n<div>Ob erneuern der Dachhaut, zum Beispiel auswechseln der Dacheindeckung, Lattung und Dachbahn, sowie Restaurierung oder ersetzen schadhafter Balken, bis hin zur energetischen Sanierung des gesamten Dachaufbaus sind Sie bei uns bestens aufgehoben. Wir k\u00fcmmern uns um evtl. F\u00f6rderm\u00f6glichkeiten, z. B. durch die KFW Bank und erarbeiten ein sinnvolles Sanierungspaket f\u00fcr das Dach oder f\u00fcr die Fassade mit unserem Energieberater.<\/div>\n<div style=\"color: #ffffff; font-size: 1px; line-height: 45px; clear: left;\">&#8211;<\/div>\n<h4><strong>Dachfenster<\/strong><\/h4>\n<div style=\"float: right; padding: 7px 20px 10px 20px; min-width: 50%; max-width: 90%;\">\n<div class=\"n2_ss_slider_publish__option_code\" dir=\"ltr\" data-mode=\"id\"><\/div>\n<\/div>\n<div>Sie sind beim Dachausbau, oder wollen Ihr in die Jahre gekommenes Dachfenster ersetzen, es gibt f\u00fcr jeden Wunsch eine L\u00f6sung. Beliebige Materialien bei der Einfassung wie z. B. Kupfer, Alu farbig beschichtet, verschiedene \u00d6ffnungsarten z. B. Schwingfenster, Klapp- Schwingfenster, und vieles mehr. Wir verbauen nur Namenhafte Fenster und Zubeh\u00f6rteile von ROTO oder VELUX.<\/div>\n<div style=\"color: #ffffff; font-size: 1px; line-height: 145px; clear: left;\">&#8211;<\/div>\n<h4><strong>Holz- und Faserzementfassaden<\/strong><\/h4>\n<div style=\"float: left; padding: 7px 20px 10px 20px; min-width: 50%; max-width: 90%;\">\n<div class=\"n2_ss_slider_publish__option_code\" dir=\"ltr\" data-mode=\"id\"><\/div>\n<\/div>\n<div>Holzfassaden ob nur in Teilbereichen als Fassadengestaltung oder als sch\u00fctzende Verschl\u00e4ge geben dem Geb\u00e4ude seine \u00e4u\u00dfere Wirkung, eine andere Gestaltungsm\u00f6glichkeit ist mit verschiedenfarbigen beschichteten Faserzementplatten genau so m\u00f6glich wie mit Holz.<\/div>\n<div style=\"color: #ffffff; font-size: 1px; line-height: 45px; clear: left;\">&#8211;<\/div>\n<h4><strong>Dachausbau und Trockenbau<\/strong><\/h4>\n<div style=\"float: right; padding: 7px 20px 10px 20px; min-width: 50%; max-width: 90%;\">\n<div class=\"n2_ss_slider_publish__option_code\" dir=\"ltr\" data-mode=\"id\"><\/div>\n<\/div>\n<div>Wenn die Familie w\u00e4chst oder es wird sonst noch zus\u00e4tzlich Raum ben\u00f6tigt ist er der Dachausbau in Trockenbauweise eine kosteng\u00fcnstige L\u00f6sung. Die unabh\u00e4ngige Raumgestaltung ist durch die leichte Bauweise gegen\u00fcber dem Massivmauerwerksbau meist weit \u00fcberlegen. Vorgefertigte Elemente erm\u00f6glichen auch einen Fu\u00dfbodenaufbau in dieser Bauweise.<\/div>\n<div style=\"color: #ffffff; font-size: 1px; line-height: 145px; clear: left;\">&#8211;<\/div>\n<h4><strong>Carports<\/strong><\/h4>\n<div style=\"float: left; padding: 7px 20px 10px 20px; min-width: 50%; max-width: 90%;\">\n<div class=\"n2_ss_slider_publish__option_code\" dir=\"ltr\" data-mode=\"id\"><\/div>\n<\/div>\n<div>Wir fertigen Ihr Carport, Ihr Gartenhaus oder Ihren Wintergarten individuell nach Ihren Vorstellungen und an den Stil Ihres Hauses angepasst.<\/div>\n<div style=\"color: #ffffff; font-size: 1px; line-height: 45px; clear: left;\">&#8211;<\/div>\n<h4><strong>Eingabe- und Werkspl\u00e4ne<\/strong><\/h4>\n<div style=\"float: right; padding: 7px 20px 10px 20px; min-width: 50%; max-width: 90%;\">\n<div class=\"n2_ss_slider_publish__option_code\" dir=\"ltr\" data-mode=\"id\"><\/div>\n<\/div>\n<div>Sie wollen ein Haus bauen oder einen Anbau realisieren? Wir beraten, zeichnen und unterst\u00fctzen Sie als Zimmerei und Planungsb\u00fcro bei der Planung Ihres Vorhabens. Sie erhalten bei uns einen Eingabeplan zur Vorlage f\u00fcr eine Baugenehmigung oder auf Wunsch eine detaillierte Werksplanung.<\/div>\n","protected":false},"excerpt":{"rendered":"<p>Leistungen unserer Zimmerei Dach- und Holzkonstruktionen Ob in traditioneller Ausf\u00fchrung oder in moderner Bauweise wir planen, konstruieren und liefern durchdachte Konstruktionen f\u00fcr Ihr Eigenheim. F\u00fcr individuelle W\u00fcnsche unserer Kunden stehen wir jeder Zeit offen. Die Planung f\u00fcr Dachkonstruktionen oder beim &hellip;<\/p>\n<p class=\"read-more\"> <a class=\"more-link\" href=\"https:\/\/zimmerei-seidl.com\/?page_id=282\"> <span class=\"screen-reader-text\">Leistungen<\/span> Weiterlesen &raquo;<\/a><\/p>\n","protected":false},"author":1,"featured_media":0,"parent":0,"menu_order":5,"comment_status":"closed","ping_status":"closed","template":"full-width-page.php","meta":{"footnotes":""},"class_list":["post-282","page","type-page","status-publish","hentry"],"yoast_head":"<!-- This site is optimized with the Yoast SEO plugin v27.4 - https:\/\/yoast.com\/product\/yoast-seo-wordpress\/ -->\n<title>Zimmerei Andreas Seidl - Leistungen<\/title>\n<meta name=\"description\" content=\"Zimmerei Andreas Seidl in Untergriesbach - Alle Leistungen von Holzbau, Sanierungen, Carports, Pl\u00e4ne im \u00dcberblick\" \/>\n<meta name=\"robots\" content=\"index, follow, max-snippet:-1, max-image-preview:large, max-video-preview:-1\" \/>\n<link rel=\"canonical\" href=\"https:\/\/zimmerei-seidl.com\/?page_id=282\" \/>\n<meta property=\"og:locale\" content=\"de_DE\" \/>\n<meta property=\"og:type\" content=\"article\" \/>\n<meta property=\"og:title\" content=\"Zimmerei Andreas Seidl - Leistungen\" \/>\n<meta property=\"og:description\" content=\"Zimmerei Andreas Seidl in Untergriesbach - Alle Leistungen von Holzbau, Sanierungen, Carports, Pl\u00e4ne im \u00dcberblick\" \/>\n<meta property=\"og:url\" content=\"https:\/\/zimmerei-seidl.com\/?page_id=282\" \/>\n<meta property=\"og:site_name\" content=\"Zimmerei Andreas Seidl\" \/>\n<meta property=\"article:publisher\" content=\"https:\/\/www.facebook.com\/Zimmerei-und-Planungsb%c3%bcro-A-Seidl-1186815271334403\" \/>\n<meta property=\"article:modified_time\" content=\"2023-04-08T14:29:15+00:00\" \/>\n<meta name=\"twitter:card\" content=\"summary_large_image\" \/>\n<meta name=\"twitter:label1\" content=\"Gesch\u00e4tzte Lesezeit\" \/>\n\t<meta name=\"twitter:data1\" content=\"3\u00a0Minuten\" \/>\n<script type=\"application\/ld+json\" class=\"yoast-schema-graph\">{\"@context\":\"https:\\\/\\\/schema.org\",\"@graph\":[{\"@type\":\"WebPage\",\"@id\":\"https:\\\/\\\/zimmerei-seidl.com\\\/?page_id=282\",\"url\":\"https:\\\/\\\/zimmerei-seidl.com\\\/?page_id=282\",\"name\":\"Zimmerei Andreas Seidl - Leistungen\",\"isPartOf\":{\"@id\":\"https:\\\/\\\/zimmerei-seidl.com\\\/#website\"},\"datePublished\":\"2015-10-21T11:03:45+00:00\",\"dateModified\":\"2023-04-08T14:29:15+00:00\",\"description\":\"Zimmerei Andreas Seidl in Untergriesbach - Alle Leistungen von Holzbau, Sanierungen, Carports, Pl\u00e4ne im \u00dcberblick\",\"breadcrumb\":{\"@id\":\"https:\\\/\\\/zimmerei-seidl.com\\\/?page_id=282#breadcrumb\"},\"inLanguage\":\"de\",\"potentialAction\":[{\"@type\":\"ReadAction\",\"target\":[\"https:\\\/\\\/zimmerei-seidl.com\\\/?page_id=282\"]}]},{\"@type\":\"BreadcrumbList\",\"@id\":\"https:\\\/\\\/zimmerei-seidl.com\\\/?page_id=282#breadcrumb\",\"itemListElement\":[{\"@type\":\"ListItem\",\"position\":1,\"name\":\"Home\",\"item\":\"https:\\\/\\\/zimmerei-seidl.com\\\/\"},{\"@type\":\"ListItem\",\"position\":2,\"name\":\"Leistungen\"}]},{\"@type\":\"WebSite\",\"@id\":\"https:\\\/\\\/zimmerei-seidl.com\\\/#website\",\"url\":\"https:\\\/\\\/zimmerei-seidl.com\\\/\",\"name\":\"Zimmerei Andreas Seidl\",\"description\":\"\",\"potentialAction\":[{\"@type\":\"SearchAction\",\"target\":{\"@type\":\"EntryPoint\",\"urlTemplate\":\"https:\\\/\\\/zimmerei-seidl.com\\\/?s={search_term_string}\"},\"query-input\":{\"@type\":\"PropertyValueSpecification\",\"valueRequired\":true,\"valueName\":\"search_term_string\"}}],\"inLanguage\":\"de\"}]}<\/script>\n<!-- \/ Yoast SEO plugin. -->","yoast_head_json":{"title":"Zimmerei Andreas Seidl - Leistungen","description":"Zimmerei Andreas Seidl in Untergriesbach - Alle Leistungen von Holzbau, Sanierungen, Carports, Pl\u00e4ne im \u00dcberblick","robots":{"index":"index","follow":"follow","max-snippet":"max-snippet:-1","max-image-preview":"max-image-preview:large","max-video-preview":"max-video-preview:-1"},"canonical":"https:\/\/zimmerei-seidl.com\/?page_id=282","og_locale":"de_DE","og_type":"article","og_title":"Zimmerei Andreas Seidl - Leistungen","og_description":"Zimmerei Andreas Seidl in Untergriesbach - Alle Leistungen von Holzbau, Sanierungen, Carports, Pl\u00e4ne im \u00dcberblick","og_url":"https:\/\/zimmerei-seidl.com\/?page_id=282","og_site_name":"Zimmerei Andreas Seidl","article_publisher":"https:\/\/www.facebook.com\/Zimmerei-und-Planungsb%c3%bcro-A-Seidl-1186815271334403","article_modified_time":"2023-04-08T14:29:15+00:00","twitter_card":"summary_large_image","twitter_misc":{"Gesch\u00e4tzte Lesezeit":"3\u00a0Minuten"},"schema":{"@context":"https:\/\/schema.org","@graph":[{"@type":"WebPage","@id":"https:\/\/zimmerei-seidl.com\/?page_id=282","url":"https:\/\/zimmerei-seidl.com\/?page_id=282","name":"Zimmerei Andreas Seidl - Leistungen","isPartOf":{"@id":"https:\/\/zimmerei-seidl.com\/#website"},"datePublished":"2015-10-21T11:03:45+00:00","dateModified":"2023-04-08T14:29:15+00:00","description":"Zimmerei Andreas Seidl in Untergriesbach - Alle Leistungen von Holzbau, Sanierungen, Carports, Pl\u00e4ne im \u00dcberblick","breadcrumb":{"@id":"https:\/\/zimmerei-seidl.com\/?page_id=282#breadcrumb"},"inLanguage":"de","potentialAction":[{"@type":"ReadAction","target":["https:\/\/zimmerei-seidl.com\/?page_id=282"]}]},{"@type":"BreadcrumbList","@id":"https:\/\/zimmerei-seidl.com\/?page_id=282#breadcrumb","itemListElement":[{"@type":"ListItem","position":1,"name":"Home","item":"https:\/\/zimmerei-seidl.com\/"},{"@type":"ListItem","position":2,"name":"Leistungen"}]},{"@type":"WebSite","@id":"https:\/\/zimmerei-seidl.com\/#website","url":"https:\/\/zimmerei-seidl.com\/","name":"Zimmerei Andreas Seidl","description":"","potentialAction":[{"@type":"SearchAction","target":{"@type":"EntryPoint","urlTemplate":"https:\/\/zimmerei-seidl.com\/?s={search_term_string}"},"query-input":{"@type":"PropertyValueSpecification","valueRequired":true,"valueName":"search_term_string"}}],"inLanguage":"de"}]}},"_links":{"self":[{"href":"https:\/\/zimmerei-seidl.com\/index.php?rest_route=\/wp\/v2\/pages\/282","targetHints":{"allow":["GET"]}}],"collection":[{"href":"https:\/\/zimmerei-seidl.com\/index.php?rest_route=\/wp\/v2\/pages"}],"about":[{"href":"https:\/\/zimmerei-seidl.com\/index.php?rest_route=\/wp\/v2\/types\/page"}],"author":[{"embeddable":true,"href":"https:\/\/zimmerei-seidl.com\/index.php?rest_route=\/wp\/v2\/users\/1"}],"replies":[{"embeddable":true,"href":"https:\/\/zimmerei-seidl.com\/index.php?rest_route=%2Fwp%2Fv2%2Fcomments&post=282"}],"version-history":[{"count":48,"href":"https:\/\/zimmerei-seidl.com\/index.php?rest_route=\/wp\/v2\/pages\/282\/revisions"}],"predecessor-version":[{"id":482,"href":"https:\/\/zimmerei-seidl.com\/index.php?rest_route=\/wp\/v2\/pages\/282\/revisions\/482"}],"wp:attachment":[{"href":"https:\/\/zimmerei-seidl.com\/index.php?rest_route=%2Fwp%2Fv2%2Fmedia&parent=282"}],"curies":[{"name":"wp","href":"https:\/\/api.w.org\/{rel}","templated":true}]}}